{"id":2,"date":"2010-07-06T10:23:24","date_gmt":"2010-07-06T10:23:24","guid":{"rendered":"https:\/\/ooops.pl\/?page_id=2"},"modified":"2011-01-02T12:23:57","modified_gmt":"2011-01-02T12:23:57","slug":"about","status":"publish","type":"page","link":"https:\/\/ooops.pl\/?page_id=2","title":{"rendered":"to by\u0142o kiedy\u015b Muzeum R\u0119kawiczek\u2026"},"content":{"rendered":"<p>(a jeszcze wcze\u015bniej \u2013 1, 2 lub nawet kilka blog\u00f3w \u2013 tak od 2004? 2005\u2026 \u2013 pami\u0119tacie \u201emuzeum pompko kr\u00f3laka kr\u00f3lowo polski&#8221;? albo \u201emakowski und pepe&#8221;? (pepe poszed\u0142 do innej pracy, bardziej zapewne dochodowej\u2026) albo  \u201emuzeum sztuki nienowoczesnej&#8221; \u2013 \u201eten blog wyra\u017ca wy\u0142\u0105cznie opinie klawiatury pana makowskiego a nie jego w\u0142asne pogl\u0105dy\u2026&#8221;<br \/>\nale postanowi\u0142em wszystko rzuci\u0107. (prawie, bo niekt\u00f3re posty z tamtych \u2013 doda\u0142em; fakt: nieco \u201elosowo&#8221;.) i rzuci\u0107 nawet <a href=\"http:\/\/pracownia52.pl\/www\/?page_id=2424\">r\u0119kawiczki<\/a>.<br \/>\nna gleb\u0119.<br \/>\n[mrm]<br \/>\n<br \/><a href=\"http:\/\/pracownia52.pl\/www\/?page_id=2424\"><img loading=\"lazy\" decoding=\"async\" src=\"https:\/\/ooops.pl\/wp-content\/uploads\/2010\/07\/PC248770-low-2-orange-300x225.jpg\" alt=\"\" title=\"PC248770-low-2-orange\" width=\"300\" height=\"225\" class=\"alignnone size-medium wp-image-9152\" srcset=\"https:\/\/ooops.pl\/wp-content\/uploads\/2010\/07\/PC248770-low-2-orange-300x225.jpg 300w, https:\/\/ooops.pl\/wp-content\/uploads\/2010\/07\/PC248770-low-2-orange-520x390.jpg 520w, https:\/\/ooops.pl\/wp-content\/uploads\/2010\/07\/PC248770-low-2-orange.jpg 550w\" sizes=\"auto, (max-width: 300px) 100vw, 300px\" \/><\/a><\/p>\n","protected":false},"excerpt":{"rendered":"<p>(a jeszcze wcze\u015bniej \u2013 1, 2 lub nawet kilka blog\u00f3w \u2013 tak od 2004? 2005\u2026 \u2013 pami\u0119tacie \u201emuzeum pompko kr\u00f3laka kr\u00f3lowo polski&#8221;? albo \u201emakowski und pepe&#8221;? (pepe poszed\u0142 do innej pracy, bardziej zapewne dochodowej\u2026) albo \u201emuzeum sztuki nienowoczesnej&#8221; \u2013 \u201eten blog wyra\u017ca wy\u0142\u0105cznie opinie klawiatury pana makowskiego a nie jego w\u0142asne pogl\u0105dy\u2026&#8221; ale postanowi\u0142em wszystko [&hellip;]<\/p>\n","protected":false},"author":1,"featured_media":0,"parent":0,"menu_order":0,"comment_status":"open","ping_status":"open","template":"","meta":{"footnotes":""},"class_list":["post-2","page","type-page","status-publish","hentry"],"_links":{"self":[{"href":"https:\/\/ooops.pl\/index.php?rest_route=\/wp\/v2\/pages\/2","targetHints":{"allow":["GET"]}}],"collection":[{"href":"https:\/\/ooops.pl\/index.php?rest_route=\/wp\/v2\/pages"}],"about":[{"href":"https:\/\/ooops.pl\/index.php?rest_route=\/wp\/v2\/types\/page"}],"author":[{"embeddable":true,"href":"https:\/\/ooops.pl\/index.php?rest_route=\/wp\/v2\/users\/1"}],"replies":[{"embeddable":true,"href":"https:\/\/ooops.pl\/index.php?rest_route=%2Fwp%2Fv2%2Fcomments&post=2"}],"version-history":[{"count":13,"href":"https:\/\/ooops.pl\/index.php?rest_route=\/wp\/v2\/pages\/2\/revisions"}],"predecessor-version":[{"id":25127,"href":"https:\/\/ooops.pl\/index.php?rest_route=\/wp\/v2\/pages\/2\/revisions\/25127"}],"wp:attachment":[{"href":"https:\/\/ooops.pl\/index.php?rest_route=%2Fwp%2Fv2%2Fmedia&parent=2"}],"curies":[{"name":"wp","href":"https:\/\/api.w.org\/{rel}","templated":true}]}}